1)?
-9
Let x(d) = d**2 + 9*d + 4. Determine x(-9).
4
Let l(x) = -x**3 + 11*x**2 - 2*x + 29. What is l(11)?
7
Let g(i) = -i - 26. Calculate g(13).
-39
Let g(y) = y**3 - 18*y**2 - 1. Calculate g(18).
-1
Let i(v) = -v**2 - 5*v - 10. Determine i(-8).
-34
Let l(r) = r**3 + 4*r**2 + 4*r + 3. Calculate l(-2).
3
Let u(f) = f - 51. What is u(21)?
-30
Let k(v) = v**2 + 14*v + 16. Determine k(-12).
-8
Let k(g) = -12*g**2 + 3*g + 2. Calculate k(-1).
-13
Let k(f) = f**3 - 2*f**2 - 2*f - 8. Determine k(4).
16
Let n(q) = -27*q - 200. Determine n(-8).
16
Let m(k) = k**3 + 31*k**2 + k + 42. What is m(-31)?
11
Let t(d) = -d - 12. Calculate t(-16).
4
Let w(v) = v**2 - 6*v + 3. Determine w(5).
-2
Let m(q) = -12*q**3 - 4*q**2 - 2*q + 1. Calculate m(-1).
11
Let z(t) = t - 28. Determine z(10).
-18
Let a(c) = -5*c - 7. Give a(-6).
23
Let x(u) = u**3 - 23*u**2 - 50*u - 12. Give x(25).
-12
Let a(i) = 4*i - 9. Determine a(-8).
-41
Let m(f) = -15*f - 56. What is m(-5)?
19
Let v(w) = -3*w + 18. Give v(5).
3
Let c(t) = 17*t + 315. Determine c(-18).
9
Let b(f) = -4*f + 29. Calculate b(11).
-15
Let y(g) = 18*g + 5. Give y(-1).
-13
Let n(u) = 4*u + 28. Determine n(-8).
-4
Let n(b) = 2*b**2 - 16*b - 2. Calculate n(-6).
166
Let c(a) = -a**3 + 10*a**2 - 3*a - 11. Give c(9).
43
Let s(q) = -q**2 - 2*q. Calculate s(-3).
-3
Let b(y) = -y**3 - 6*y**2 + 10*y + 4. Give b(-7).
-17
Let d(i) = 2*i**2 + 7*i - 5. Give d(2).
17
Let q(t) = t**3 + 25*t**2 - 55*t + 2. Give q(2).
0
Let q(f) = 12*f - 99. Determine q(8).
-3
Let f(o) = 8*o**2 + o - 2. What is f(1)?
7
Let w(y) = 116*y + 220. What is w(-2)?
-12
Let u(n) = 3*n - 38. Determine u(11).
-5
Let x(b) = 3*b + 35. Calculate x(-10).
5
Let w(n) = -n**3 + 11*n**2 - 2*n + 11. Determine w(11).
-11
Let i(l) = -12*l**2 + 69*l + 11. Calculate i(6).
-7
Let w(r) = -r**3 + 3*r**2 + 8*r - 9. Determine w(4).
7
Let n(f) = f**2 - 11*f - 16. Give n(12).
-4
Let h(m) = 7*m + 42. Calculate h(-8).
-14
Let v(x) = -x**3 - 9*x**2 + 22*x - 3. Calculate v(-11).
-3
Let d(v) = 2*v**3 + 4*v**2 - 2*v + 9. Determine d(-5).
-131
Let n(m) = m**3 - m**2 + 3*m - 3. Calculate n(2).
7
Let r(d) = -14*d**2 + 5*d - 6. Calculate r(1).
-15
Let i(c) = -c**3 - 5*c**2 - 4*c + 5. Determine i(-4).
5
Let x(z) = 35*z + 657. Calculate x(-19).
-8
Let j(w) = -12*w - 131. Calculate j(-10).
-11
Let y(f) = 5*f - 3. Determine y(-2).
-13
Let z(g) = 3*g + 5. Give z(0).
5
Let s(r) = -2*r - 3. Determine s(-8).
13
Let b(g) = -2*g - 14. Calculate b(-7).
0
Let c(i) = i**3 - 11*i**2 - 3*i + 14. Give c(11).
-19
Let x(h) = -h**2 - 3*h + 2. Determine x(1).
-2
Let s(u) = 3*u**3 + 5*u**2 - 5. What is s(3)?
121
Let b(l) = 2*l + 13. Determine b(-4).
5
Let n(j) = -8*j**3 + j. What is n(-1)?
7
Let h(k) = k**2 - 4*k - 12. Calculate h(5).
-7
Let u(z) = -37*z + 257. Determine u(7).
-2
Let u(v) = -v**3 + 19*v**2 - 33*v - 30. Give u(17).
-13
Let q(r) = -r**2 - 5. What is q(4)?
-21
Let i(k) = -5*k - 54. What is i(-11)?
1
Let g(x) = x**2 + 12*x - 34. Determine g(-15).
11
Let c(a) = -a**3 + 12*a**2 + 13*a - 7. Calculate c(13).
-7
Let c(f) = 10*f**2 + 1. Give c(-1).
11
Let a(i) = 2*i**3 - 17*i**2 + 6*i + 4. Give a(8).
-12
Let h(f) = 4*f - 7. Give h(3).
5
Let x(k) = k**2 - 7*k + 3. What is x(10)?
33
Let h(j) = j - 42. Determine h(22).
-20
Let b(f) = 6*f**2 + 5*f + 4. Calculate b(-3).
43
Let s(u) = -u**2 - 21*u - 39. What is s(-2)?
-1
Let f(s) = 10*s - 70. What is f(5)?
-20
Let q(m) = -3*m**2 + 4*m - 7. Calculate q(2).
-11
Let k(s) = 36*s**2 + 10*s + 5. Determine k(-2).
129
Let q(v) = v**3 + 7*v**2 - 30. What is q(-5)?
20
Let m(h) = -h**3 - 23*h**2 + 26*h + 6. Determine m(-24).
-42
Let u(h) = 38*h**2 - 2*h. Calculate u(1).
36
Let c(o) = -5*o**3 - 2*o**2 + o + 2. Give c(-2).
32
Let o(y) = -y**2 + 18. Determine o(-5).
-7
Let g(d) = -d**3 - d**2 - d + 32. What is g(0)?
32
Let f(k) = 3*k**2 + 7*k - 64. Give f(-6).
2
Let m(r) = -2*r**2 - 52*r - 4. Give m(-26).
-4
Let t(m) = -m**2 - 4*m - 18. What is t(-5)?
-23
Let q(x) = x**3 - 10*x**2 + 19*x + 2. Determine q(7).
-12
Let m(k) = 6*k - 8. Calculate m(1).
-2
Let n(o) = o - 1. Give n(13).
12
Let p(f) = f**3 + 3*f**2 - 4*f - 5. Determine p(-3).
7
Let o(v) = v + 8. What is o(7)?
15
Let w(z) = z**2 + 5*z - 42. Give w(-10).
8
Let u(n) = n**2 + 6*n - 6. Calculate u(-9).
21
Let s(v) = v**2 - 7*v + 4. Calculate s(8).
12
Let m(y) = -y**2 + 7. Determine m(-2).
3
Let h(o) = o**2 - 21*o + 57. Calculate h(17).
-11
Let k(m) = -m**2 - 11*m - 12. What is k(-7)?
16
Let n(f) = -f**3 + 10*f**2 + 4*f + 16. Calculate n(10).
56
Let j(q) = -q**3 + 12*q**2 - 9*q - 10. What is j(11)?
12
Let q(v) = 2*v**3 - 2*v**2 - v + 1. What is q(-2)?
-21
Let t(z) = -2*z**2 - 2*z + 114. What is t(-8)?
2
Let b(j) = 10*j**2 - j - 1. Calculate b(-2).
41
Let k(o) = -2*o**2 - 3*o - 6. Calculate k(-3).
-15
Let a(f) = -f**2 + 14*f - 7. What is a(10)?
33
Let r(w) = w + 4. Calculate r(3).
7
Let y(q) = q**2 - 26*q + 6. What is y(26)?
6
Let b(o) = 4*o**3 + 2*o - 1. Determine b(1).
5
Let b(d) = d - 14. Determine b(12).
-2
Let k(b) = -3*b**3 + 5*b**2 - 2*b - 3. Calculate k(3).
-45
Let p(c) = 3*c - 40. Determine p(23).
29
Let k(m) = 11*m - 54. Give k(8).
34
Let s(p) = p**2 - 9*p - 14. What is s(10)?
-4
Let x(z) = -4*z + 4. What is x(3)?
-8
Let s(r) = r - 73. Calculate s(24).
-49
Let p(s) = -2*s**2 + 25*s + 46. Give p(14).
4
Let s(c) = -c**2 + 8*c + 6. Determine s(9).
-3
Let g(d) = -d - 3. Determine g(-12).
9
Let q(y) = y - 20. Calculate q(6).
-14
Let a(p) = p + 2. Give a(-8).
-6
Let m(f) = 2*f + 7. What is m(22)?
51
Let h(c) = c**2 + 20*c - 16. Calculate h(-18).
-52
Let n(l) = 4*l - 47. What is n(12)?
1
Let b(j) = 17*j + 115. What is b(-7)?
-4
Let k(z) = z**2 + z - 15. Determine k(0).
-15
Let b(g) = g**3 - 10*g**2 - 6*g - 20. Calculate b(11).
35
Let o(y) = 12*y + 21. Determine o(-13).
-135
Let v(g) = 4*g**2 - 10*g + 2. Calculate v(3).
8
Let t(m) = m**3 + m**2 + 2*m. Determine t(4).
88
Let d(m) = -2*m - 7. What is d(-10)?
13
Let y(r) = 2*r**2 - 8*r + 7. What is y(3)?
1
Let a(d) = d**3 + 5*d**2 + 6*d - 1. What is a(-4)?
-9
Let k(c) = c**3 - c**2 - c - 54. Calculate k(0).
-54
Let x(b) = -6*b. Give x(2).
-12
Let k(r) = 32*r. Determine k(-1).
-32
Let c(z) = z**3 - 19*z**2 + 12*z + 7. What is c(18)?
-101
Let y(w) = -3*w**2 + 7*w + 9. Determine y(4).
-11
Let r(m) = m**2 - 8*m - 2. Determine r(7).
-9
Let a(r) = -8*r**3 + 3*r**2 + 14*r + 12. Calculate a(-1).
9
Let h(k) = -17*k + 292. Calculate h(17).
3
Let t(u) = u**3 - 6*u**2 + 7*u - 9. Determine t(4).
-13
Let n(i) = 8*i - 37. Determine n(4).
-5
Let f(h) = -10*h - 1. What is f(-2)?
19
Let n(z) = -z**2 + 6*z - 5. What is n(12)?
-77
Let w(x) = -4*x**2 + 2*x + 1. What is w(-1)?
-5
Let w(o) = o**2 - 8*o - 9. Give w(7).
-16
Let l(y) = -y + 6. Give l(7).
-1
Let x(g) = 4*g**3 - 7*g**2 + 5*g. Determine x(2).
14
Let f(h) = h**3 + 22*h**2 + 21*h - 8. What is f(-21)?
-8
Let n(s) = -s**2 + 4*s - 1. Give n(3).
2
Let q(f) = f**2 - 2*f + 3. Give q(0).
3
Let u(n) = n**2 - 6*n - 145. Calculate u(-8).
-33
Let c(z) = -2*z**3 - 2*z**2 + 3*z. Give c(2).
-18
Let d(h) = -3*h**3 - 2*h**2 + h - 1. What is d(-2)?
13
Let x(o) = 2*o**3 - 11*o**2 + 9*o - 4. Give x(4).
-16
Let l(m) = -148*m + 744. Give l(5).
4
Let m(r) = 12*r**2 + 3*r - 2. What is m(1)?
13
Let r(q) = q**3 - 11*q**2 + 6*q. Determine r(10).
-40
Let a(c) = 4*c + 10. Give a(-7).
-18
Let y(m) = 2*m**2 - 10*m. Calculate y(7).
28
Let i(u) = 5*u**2 - 10. What is i(0)?
-10
Let f(b) = -50*b**2 + b + 1. What is f(-1)?
-50
Let h(o) = o + 58. Determine h(15).
73
Let i(q) = -7*q**2 - 3*q - 6. Determine i(-1).
-10
Let f(s) = -8*s**3 - s**2 - s + 2. What is f(-2)?
64
Let j(n) = n**3 + 12*n**2 - 12*n + 17. Calculate j(-13).
4
Let j(a) = -a**3 + 3*a**2 - 2*a + 2. Determine j(3).
-4
Let n(z) = z**2 - 46*z + 207. What is n(5)?
2
Let o(w) = -5*w - 70. Give o(-26).
60
Let l(r) = r**3 + 13*r**2 - 13*r + 17. Calculate l(-14).
3
Let w(h) = -17*h + 81. Give w(5).
-4
Let n(f) = -12*f - 6. Give n(-3).
30
Let g(n) = n**3 - 30*n**2 - 29*n - 61. Determine g(31).
1
Let i(c) = -5*c - 27. Give i(-5).
-2
Let z(f) = -3*f - 25. Calculate z(8).
-49
Let s(z) = -z**3 + 11*z**2 + 44*z - 21. What is s(14)?
7
Let f(i) = -i**3 + 8*i**2 - 10*i + 12. Give f(7).
-9
Let d(m) = -m**3 + 5*m**2 - 4*m + 37. Calculate d(6).
-23
Let z(m) = -m**2 + 8*m - 5. Give z(7).
2
Let n(u) = -u**3 - 3*u**2 + 73*u +